ermine x(1).
2
Let q(p) = p**3 + 11*p**2 + 12*p - 12. Determine q(-10).
-32
Let c(z) = -2*z**2 + 9*z + 24. What is c(11)?
-119
Let n(s) = 2*s - 27. Determine n(6).
-15
Let o(i) = -i**3 + 7*i**2 - 8*i - 8. Calculate o(6).
-20
Let o(w) = -w**2 + 2*w + 9. Determine o(4).
1
Let r(b) = b**2 - 9*b - 26. What is r(11)?
-4
Let s(f) = -2*f - 21. Calculate s(-10).
-1
Let v(a) = 2*a**2 + 7*a + 26. Give v(-9).
125
Let m(h) = h**2 + h + 18. Determine m(0).
18
Let g(k) = 61*k + 15. Give g(2).
137
Let u(l) = 3*l**3 + 3*l**2 - 2*l + 3. Determine u(2).
35
Let v(l) = l**3 + 3*l**2 + 3*l + 2. Calculate v(-3).
-7
Let x(o) = 42*o + 457. Give x(-11).
-5
Let d(o) = -283*o + 1126. Determine d(4).
-6
Let c(f) = f - 12. Give c(-10).
-22
Let d(p) = 2*p**3 - 6*p**2 + 11*p - 7. Calculate d(2).
7
Let k(y) = 3*y + 18. Calculate k(-8).
-6
Let v(q) = -q**3 - 14*q**2 - 12*q - 2. Determine v(-13).
-15
Let a(x) = -x + 10. What is a(-6)?
16
Let v(j) = -2*j + 8. Give v(9).
-10
Let t(o) = o**2 - 17*o - 23. Determine t(18).
-5
Let j(c) = -c**3 + 12*c - 18. Determine j(2).
-2
Let i(u) = -14*u**3 - 28*u - 29. Give i(-1).
13
Let y(j) = j**3 - 6*j**2 - 5*j + 6. What is y(7)?
20
Let x(j) = 2*j**3 + 23*j**2 - 14*j - 29. Determine x(-12).
-5
Let i(j) = -j**2 + 6*j + 347. What is i(-16)?
-5
Let o(w) = 6*w**2 + w + 2. What is o(3)?
59
Let w(z) = -z**2 + 29*z + 20. Give w(30).
-10
Let t(s) = s - 12. Calculate t(6).
-6
Let a(j) = -j**3 - 10*j**2 + 57*j + 10. Calculate a(-14).
-4
Let q(p) = 9*p**2 + 3*p + 1. What is q(-2)?
31
Let d(g) = 3*g**2 - 5*g. Calculate d(1).
-2
Let l(r) = -10*r**2 - 3*r + 2. What is l(1)?
-11
Let u(x) = 21*x - 1888. Give u(90).
2
Let v(h) = 2*h**2 + 3*h. Determine v(-3).
9
Let c(q) = q**2 + 16*q - 45. Give c(-18).
-9
Let j(k) = k**3 + 10*k**2 - 23*k + 7. Give j(-12).
-5
Let z(g) = -2*g - 22. Calculate z(-9).
-4
Let w(a) = -a**2 + a. Give w(4).
-12
Let r(n) = n**3 + 5*n**2 - 5*n + 6. What is r(-6)?
0
Let j(l) = l**2 - 48*l + 5. Calculate j(48).
5
Let t(w) = 2*w**2 + 33*w + 33. Calculate t(-16).
17
Let v(w) = -w**3 + 4*w**2 - 6*w + 6. Give v(3).
-3
Let j(q) = -q**3 + 2*q**2. Calculate j(-2).
16
Let c(x) = -3*x**2 - 9*x + 54. Give c(-6).
0
Let i(l) = -27*l - 3. Give i(2).
-57
Let c(g) = -2*g + 16. Determine c(6).
4
Let p(h) = -h**3 + h**2 - 40. Give p(0).
-40
Let l(r) = -r**3 + 7*r**2 + 1. Determine l(8).
-63
Let q(j) = -39*j - 233. Calculate q(-6).
1
Let p(w) = 5*w**2 + 8*w + 2. What is p(3)?
71
Let c(j) = 5*j + 15. What is c(-7)?
-20
Let x(g) = 2*g**2 - 3. What is x(3)?
15
Let a(b) = -b**2 + 11*b - 4. Determine a(10).
6
Let h(l) = l**3 - 20*l**2 + 13*l + 121. Calculate h(19).
7
Let j(d) = -d**2 - 9*d - 26. What is j(-7)?
-12
Let w(f) = -f**3 - 11*f**2 - 14. Calculate w(-11).
-14
Let y(k) = -k**2 - 11*k + 8. What is y(-9)?
26
Let t(o) = o**3 - 10*o**2 + 18*o - 9. What is t(8)?
7
Let h(s) = s**2 - 17*s + 20. Calculate h(6).
-46
Let r(h) = -45*h + 1. What is r(-1)?
46
Let i(z) = z**2 - 4*z - 7. What is i(-2)?
5
Let k(a) = 10*a**2 - 2. Determine k(-1).
8
Let k(v) = -2*v**3 - 2*v**2 + 3*v + 1. Give k(2).
-17
Let s(z) = -z**2 + 6*z + 67. What is s(-6)?
-5
Let i(c) = c**3 + 4*c**2 - 2*c - 9. What is i(-4)?
-1
Let t(q) = 72*q**2 - q - 1. Give t(-1).
72
Let z(w) = w**2 - 55*w - 724. Calculate z(-11).
2
Let a(b) = b**3 + 8*b**2 + 7*b + 12. Determine a(-7).
12
Let n(i) = -i**2 - 2*i + 1. Calculate n(-3).
-2
Let i(r) = -2*r - 16. Give i(-7).
-2
Let b(u) = u**3 + 10*u**2 - 15*u - 26. Determine b(-11).
18
Let r(t) = 2*t - 51. What is r(23)?
-5
Let t(a) = a**3 + 16*a**2 - 38*a - 40. Calculate t(-18).
-4
Let u(y) = -y**3 - 16*y**2 - 8*y - 128. Determine u(-16).
0
Let q(m) = -m**2 + 14*m + 18. Calculate q(9).
63
Let x(g) = -159*g - 149. What is x(-1)?
10
Let x(q) = q**3 - 9*q**2 + 7*q - 54. What is x(9)?
9
Let g(r) = -7*r - 29. Calculate g(-12).
55
Let f(s) = -s**2 - 15*s - 9. Determine f(-12).
27
Let s(u) = -3*u**2 - 9*u + 20. Calculate s(5).
-100
Let l(i) = i + 9. Calculate l(-4).
5
Let s(b) = 27*b - 1. Calculate s(1).
26
Let j(v) = 2*v**2 - 20*v - 7. Determine j(10).
-7
Let g(b) = -b**2 - 13*b + 3. What is g(-15)?
-27
Let z(h) = -5*h + 2. Calculate z(-1).
7
Let f(c) = -5*c**2 - 2*c + 2. What is f(1)?
-5
Let j(n) = n**3 + 20*n**2 + 7*n + 5. What is j(-20)?
-135
Let q(z) = -5*z**2 + 12*z - 1. Give q(6).
-109
Let o(v) = -6*v - 107. Determine o(-16).
-11
Let i(o) = -o**3 - 9*o**2 - 6*o + 10. Calculate i(-8).
-6
Let w(u) = u**2 - 30*u + 30. What is w(29)?
1
Let x(c) = c**3 - 7*c**2 - 9*c - 3. What is x(8)?
-11
Let a(h) = -h**2 + 44*h - 6. What is a(44)?
-6
Let w(n) = n**2 - 16*n + 7. Determine w(13).
-32
Let f(w) = -5*w**2 - 2*w - 50. Calculate f(0).
-50
Let n(l) = -14*l + 110. Determine n(9).
-16
Let p(d) = d**2 - 2*d + 5. Give p(6).
29
Let n(s) = s**2 + 4*s + 3. Determine n(-1).
0
Let s(w) = -w**3 - 6*w**2 - 3*w - 7. Calculate s(-6).
11
Let z(k) = k**3 - 8*k**2 - 50*k + 37. What is z(12)?
13
Let h(i) = -i - 5. Give h(3).
-8
Let h(f) = f**3 - 3*f**2 - 2*f + 5. What is h(2)?
-3
Let f(q) = -2*q**3 + 6*q**2 + q + 9. Calculate f(0).
9
Let y(u) = -14*u - 9. Calculate y(-3).
33
Let i(v) = 4*v - 81. Calculate i(23).
11
Let b(w) = w**3 - w**2 + 12*w - 24. What is b(2)?
4
Let p(d) = 2*d**2 + 28*d - 35. Give p(-15).
-5
Let t(k) = -k**3 + k - 3. Determine t(2).
-9
Let s(y) = -y**3 + 18*y**2 + 22*y - 62. What is s(19)?
-5
Let k(b) = b**2 - 15*b + 16. Determine k(13).
-10
Let x(b) = 6*b**3 - 23*b**2 - 4*b + 1. Determine x(4).
1
Let p(d) = 2*d. Determine p(-5).
-10
Let b(s) = 2*s**2 - 1. Give b(-5).
49
Let f(j) = -j**3 + 11*j**2 - 8*j - 8. Calculate f(10).
12
Let c(k) = 6*k + 17. Determine c(-1).
11
Let k(t) = -t**2 + 10*t + 3. Determine k(9).
12
Let b(m) = -m**2 - 3*m + 10. Give b(-5).
0
Let s(t) = -2*t**2 - 12*t - 51. Determine s(0).
-51
Let t(y) = y**2 + 1. Give t(1).
2
Let q(y) = 3*y**2 + 18*y - 3. Give q(-5).
-18
Let l(n) = -5*n + 61. Give l(9).
16
Let a(h) = -9*h + 12. Determine a(3).
-15
Let x(n) = -n**3 - 7*n**2 + n - 16. What is x(-8)?
40
Let j(s) = s**2 - 3*s - 9. Give j(7).
19
Let r(m) = 2*m**2 - 25*m + 40. Give r(11).
7
Let d(k) = -k**2 + 2*k + 96. Give d(-9).
-3
Let l(f) = -121*f - 113. Calculate l(-1).
8
Let n(k) = 4*k - 34. Give n(10).
6
Let j(q) = q**3 + 4*q**2 + 3*q + 5. Calculate j(-4).
-7
Let b(i) = -4*i + 26. Calculate b(7).
-2
Let g(c) = -5*c**2 + 6*c - 1. Determine g(4).
-57
Let z(f) = -f**2 + 11*f - 22. What is z(7)?
6
Let g(b) = -11*b**2 + 3. What is g(2)?
-41
Let m(v) = -v**3 - 8*v**2 - 8*v + 4. What is m(-6)?
-20
Let x(q) = -7*q + 16. Give x(-6).
58
Let j(t) = t**2 - 12*t - 35. Give j(-3).
10
Let u(t) = -t**3 - 3*t - 2. Calculate u(-2).
12
Let f(a) = -3*a - 117. What is f(-38)?
-3
Let l(h) = h**3 + 4*h**2 - h + 8. Determine l(-5).
-12
Let a(i) = i**2 + 13*i + 11. What is a(-9)?
-25
Let r(k) = -35*k**2 + 3*k + 3. Give r(-1).
-35
Let u(w) = -66*w + 1779. What is u(27)?
-3
Let d(j) = j + 5. Give d(-5).
0
Let h(k) = -k**3 - 2*k**2 + 2*k + 3. Calculate h(3).
-36
Let m(u) = u**3 - 11*u**2 - 24*u - 32. Determine m(13).
-6
Let p(g) = -9*g + 4. Calculate p(4).
-32
Let h(d) = -25*d**2 + 6*d + 3. Determine h(-2).
-109
Let s(d) = 2*d**3 - 16*d**2 - 3*d + 19. Give s(8).
-5
Let d(c) = 5*c**2 - 8*c - 2. What is d(1)?
-5
Let b(n) = n**3 - 18*n**2 + 11*n + 23. Calculate b(17).
-79
Let a(i) = -i**2 - 17*i. Give a(-17).
0
Let r(i) = i**3 - 5*i**2 - 4*i + 5. Give r(5).
-15
Let a(t) = t**3 + 8*t**2 - 2*t - 2. Calculate a(-8).
14
Let g(a) = -9*a + 15. What is g(6)?
-39
Let n(t) = t**2 - 5. Determine n(3).
4
Let i(k) = k**2 - 17*k + 17. Give i(16).
1
Let o(z) = z**3 - 11*z**2 + 10*z + 8. Give o(10).
8
Let o(a) = -a**2 + 17*a + 14. Calculate o(18).
-4
Let l(x) = -x**3 - 4*x**2 - 4*x - 4. What is l(-4)?
12
Let r(j) = j**2 + 33*j + 142. Calculate r(-5).
2
Let u(d) = -2*d**3 - 20*d**2 + 14*d + 11. Give u(-11).
99
Let b(x) = -11*x**3 + x**2 + 7*x + 6. Give b(-1).
11
Let s(b) = b + 22. Calculate s(-9).
13
Let q(w) = 5*w + 8. What is q(6)?
38
Let d(q) = -19*q**3 + q**2 + 16*q + 16. What is d(-1)?
20
Let x(r) = 19*r - 5. Calculate x(2).
33
Let k(n) = -10*n - 2. What is k(-2)?
18
Let t(v) = -v**3 - v**2 + 18*v + 12. Calculate t(-5).
22
Let c(m) = -m**3 - 17*m**2 + 2*m + 19. Determine c(-17).
-15
Let b(i) = -i**2 - 26*i + 94. Determine b(-29).
7
Let x(f) = -f**3 - 11*f**2 - 15. Determine x(-11).
-15
Let 